3 and 1501.
19
What is the greatest common divisor of 9 and 5283?
9
What is the greatest common divisor of 52 and 1184?
4
What is the greatest common factor of 112 and 124?
4
Calculate the highest common divisor of 105 and 35.
35
Calculate the greatest common factor of 145 and 58.
29
What is the greatest common divisor of 38 and 76?
38
What is the greatest common divisor of 30 and 315?
15
What is the highest common divisor of 1925 and 220?
55
What is the greatest common divisor of 88 and 374?
22
Calculate the highest common divisor of 22172 and 92.
92
Calculate the greatest common divisor of 36 and 204.
12
What is the highest common divisor of 16262 and 692?
346
Calculate the highest common factor of 2400 and 144.
48
What is the greatest common factor of 234 and 52?
26
Calculate the greatest common factor of 12274 and 102.
34
What is the highest common factor of 29 and 102283?
29
Calculate the greatest common divisor of 798 and 42.
42
Calculate the highest common factor of 975 and 156.
39
What is the greatest common divisor of 95 and 65?
5
Calculate the greatest common divisor of 153 and 30192.
51
Calculate the greatest common divisor of 3 and 155.
1
Calculate the greatest common factor of 222 and 132.
6
What is the greatest common divisor of 25 and 2960?
5
What is the greatest common factor of 308 and 2268?
28
What is the greatest common divisor of 5215 and 245?
35
Calculate the greatest common factor of 16851 and 246.
123
Calculate the highest common factor of 195 and 78.
39
Calculate the greatest common factor of 20 and 410.
10
Calculate the greatest common factor of 26 and 78.
26
What is the highest common factor of 707 and 35?
7
Calculate the highest common factor of 70 and 700.
70
What is the highest common factor of 9 and 18558?
9
What is the highest common divisor of 121 and 12?
1
Calculate the highest common factor of 558 and 90.
18
What is the highest common divisor of 6 and 165?
3
Calculate the highest common factor of 2424 and 303.
303
Calculate the greatest common factor of 4082 and 26.
26
What is the greatest common divisor of 44 and 14828?
44
What is the greatest common divisor of 385 and 4?
1
What is the highest common divisor of 4400 and 160?
80
What is the highest common factor of 189 and 35?
7
What is the greatest common divisor of 138 and 69?
69
Calculate the greatest common divisor of 7488 and 64.
64
Calculate the greatest common factor of 1890 and 375.
15
What is the greatest common factor of 558 and 1426?
62
Calculate the highest common divisor of 319 and 99.
11
What is the greatest common divisor of 1580 and 60?
20
What is the highest common factor of 40 and 720?
40
Calculate the highest common divisor of 5643 and 57.
57
What is the greatest common divisor of 4429 and 43?
43
Calculate the highest common divisor of 996 and 216.
12
What is the highest common divisor of 2400 and 96?
96
What is the greatest common divisor of 588 and 24?
12
Calculate the greatest common factor of 2080 and 30.
10
Calculate the greatest common factor of 104 and 702.
26
What is the greatest common factor of 2453 and 11?
11
Calculate the greatest common divisor of 510 and 102.
102
Calculate the greatest common divisor of 22 and 979.
11
What is the greatest common factor of 30 and 1290?
30
Calculate the greatest common divisor of 116 and 522.
58
What is the greatest common divisor of 44 and 66?
22
What is the greatest common divisor of 660 and 396?
132
What is the highest common factor of 324 and 396?
36
Calculate the greatest common divisor of 5289 and 129.
129
What is the highest common divisor of 40 and 1880?
40
What is the highest common divisor of 2763 and 12?
3
Calculate the greatest common divisor of 216 and 856.
8
What is the greatest common factor of 3 and 34?
1
Calculate the highest common divisor of 423 and 188.
47
What is the highest common factor of 5 and 40?
5
Calculate the greatest common factor of 1269 and 108.
27
Calculate the greatest common factor of 133 and 14.
7
Calculate the highest common divisor of 5 and 210.
5
What is the greatest common divisor of 6526 and 52?
26
Calculate the highest common factor of 161 and 14.
7
What is the greatest common factor of 110 and 4576?
22
Calculate the highest common factor of 6 and 102.
6
What is the greatest common divisor of 15 and 9?
3
What is the greatest common factor of 553 and 63?
7
What is the greatest common divisor of 1610 and 70?
70
What is the greatest common divisor of 726 and 132?
66
Calculate the highest common factor of 96 and 5316.
12
Calculate the greatest common divisor of 484 and 44.
44
What is the greatest common divisor of 16 and 23552?
16
Calculate the highest common factor of 153 and 255.
51
What is the greatest common divisor of 100 and 150?
50
Calculate the greatest common divisor of 1881 and 792.
99
What is the greatest common factor of 91 and 1560?
13
What is the highest common factor of 102 and 11271?
51
Calculate the highest common factor of 77 and 168.
7
Calculate the highest common divisor of 21 and 69.
3
Calculate the highest common divisor of 9 and 225.
9
Calculate the highest common divisor of 384 and 24.
24
What is the highest common divisor of 14 and 5453?
7
Calculate the greatest common factor of 14 and 9254.
14
What is the highest common factor of 715 and 1573?
143
Calculate the highest common divisor of 369 and 410.
41
Calculate the highest common factor of 26 and 2704.
26
What is the highest common divisor of 4242 and 42?
42
What is the highest common divisor of 310 and 20?
10
What is the highest common divisor of 8 and 248?
8
Calculate the highest common divisor of 646 and 34.
34
Calculate the highest common factor of 457 and 1.
1
What is the highest common divisor of 733 and 2?
1
Calculate the greatest common factor of 86 and 731.
43
Calculate the highest common factor of 11028 and 84.
12
Calculate the highest common factor of 370 and 160.
10
Calculate the highest common divisor of 475 and 100.
25
Calculate the highest common divisor of 5712 and 544.
272
What is the greatest common divisor of 33 and 44?
11
What is the greatest common factor of 5 and 8?
1
Calculate the greatest common factor of 132 and 33.
33
What is the highest common divisor of 285 and 228?
57
What is the greatest common factor of 335 and 65?
5
What is the greatest common factor of 5 and 130?
5
Calculate the greatest common factor of 150 and 1740.
30
What is the greatest common factor of 11 and 1089?
11
Calculate the highest common factor of 205 and 5.
5
Calculate the greatest common factor of 20 and 2330.
10
What is the highest common divisor of 585 and 1339?
13
What is the greatest common factor of 1144 and 616?
88
Calculate the greatest common factor of 414 and 18.
18
Calculate the greatest common divisor of 713 and 23.
23
What is the highest common divisor of 2750 and 375?
125
Calculate the greatest common divisor of 74432 and 64.
64
What is the greatest common divisor of 1300 and 3068?
52
What is the highest common factor of 30 and 10930?
10
What is the highest common divisor of 20 and 36?
4
Calculate the highest common divisor of 17536 and 137.
137
What is the highest common divisor of 8 and 6404?
4
Calculate the greatest common divisor of 686 and 98.
98
What is the greatest common factor of 258 and 602?
86
What is the greatest common factor of 22 and 275?
11
Calculate the highest common factor of 1449 and 1311.
69
What is the highest common factor of 12 and 18714?
6
Calculate the greatest common factor of 108 and 35748.
108
Calculate the greatest common divisor of 12 and 1280.
4
Calculate the highest common divisor of 12638 and 142.
142
Calculate the highest common divisor of 143 and 55.
11
What is the highest common factor of 102 and 442?
34
What is the greatest common factor of 1060 and 20?
20
Calculate the highest common factor of 4012 and 295.
59
What is the highest common divisor of 147 and 15729?
147
Calculate the highest common divisor of 154 and 154.
154
What is the greatest common factor of 273 and 63?
21
Calculate the greatest common divisor of 22 and 1375.
11
What is the greatest common divisor of 24885 and 180?
45
What is the greatest common divisor of 912 and 95?
19
What is the highest common factor of 194 and 679?
97
What is the greatest common factor of